{"id":16,"date":"2021-01-25T21:23:24","date_gmt":"2021-01-25T20:23:24","guid":{"rendered":"https:\/\/hopeone.be\/?page_id=16"},"modified":"2021-01-26T19:54:05","modified_gmt":"2021-01-26T18:54:05","slug":"contact","status":"publish","type":"page","link":"https:\/\/hopeone.be\/?page_id=16","title":{"rendered":"Contact"},"content":{"rendered":"\n<p class=\"has-text-align-center\"> Contactez-nous de 8h \u00e0 18H, du lundi au vendredi. <\/p>\n\n\n\n<div style=\"height:50px\" aria-hidden=\"true\" class=\"wp-block-spacer\"><\/div>\n\n\n\n<h4 class=\"has-text-align-center wp-block-heading\">Bruno Dewolf (\u00e9ducateur sp\u00e9cialis\u00e9, coordinateur)<\/h4>\n\n\n\n<p class=\"has-text-align-center\">Mail :<a href=\"mailto:bruno.dewolf@hopeone.be\"> bruno.dewolf@hopeone.be<\/a><br>T\u00e9l\u00e9phone : 0487\/510 299<\/p>\n\n\n\n<div style=\"height:50px\" aria-hidden=\"true\" class=\"wp-block-spacer\"><\/div>\n\n\n\n<h4 class=\"has-text-align-center wp-block-heading\">Docteur Scoman (alcoologue)<\/h4>\n\n\n\n<p class=\"has-text-align-center\">Mail :<a href=\"mailto:bernadette.scoman@hopeone.be\"> bernadette.scoman@hopeone.be<\/a><br>T\u00e9l\u00e9phone : 0483\/851 297<\/p>\n\n\n\n<p><\/p>\n","protected":false},"excerpt":{"rendered":"<p>Contactez-nous de 8h \u00e0 18H, du lundi au vendredi. Bruno Dewolf (\u00e9ducateur sp\u00e9cialis\u00e9, coordinateur) Mail : bruno.dewolf@hopeone.beT\u00e9l\u00e9phone : 0487\/510 299 Docteur Scoman (alcoologue) Mail : bernadette.scoman@hopeone.beT\u00e9l\u00e9phone : 0483\/851 297<\/p>\n","protected":false},"author":1,"featured_media":0,"parent":0,"menu_order":0,"comment_status":"closed","ping_status":"closed","template":"","meta":{"footnotes":""},"class_list":["post-16","page","type-page","status-publish","hentry"],"_links":{"self":[{"href":"https:\/\/hopeone.be\/index.php?rest_route=\/wp\/v2\/pages\/16","targetHints":{"allow":["GET"]}}],"collection":[{"href":"https:\/\/hopeone.be\/index.php?rest_route=\/wp\/v2\/pages"}],"about":[{"href":"https:\/\/hopeone.be\/index.php?rest_route=\/wp\/v2\/types\/page"}],"author":[{"embeddable":true,"href":"https:\/\/hopeone.be\/index.php?rest_route=\/wp\/v2\/users\/1"}],"replies":[{"embeddable":true,"href":"https:\/\/hopeone.be\/index.php?rest_route=%2Fwp%2Fv2%2Fcomments&post=16"}],"version-history":[{"count":10,"href":"https:\/\/hopeone.be\/index.php?rest_route=\/wp\/v2\/pages\/16\/revisions"}],"predecessor-version":[{"id":166,"href":"https:\/\/hopeone.be\/index.php?rest_route=\/wp\/v2\/pages\/16\/revisions\/166"}],"wp:attachment":[{"href":"https:\/\/hopeone.be\/index.php?rest_route=%2Fwp%2Fv2%2Fmedia&parent=16"}],"curies":[{"name":"wp","href":"https:\/\/api.w.org\/{rel}","templated":true}]}}